93 a factor of 19109928?
False
Is 124885864 a multiple of 25?
False
Is 572923836 a multiple of 1332?
True
Does 11 divide 43858632?
False
Does 463 divide 50138733?
True
Is 41 a factor of 37218071?
False
Is 98 a factor of 1025583831?
False
Does 9 divide 476439255?
True
Is 15736224 a multiple of 789?
False
Is 82553955 a multiple of 285?
True
Does 1269 divide 41110355?
False
Is 14447876 a multiple of 128?
False
Is 955793675 a multiple of 13?
False
Does 205 divide 1134835925?
True
Is 500 a factor of 25705960?
False
Does 623 divide 1062139159?
False
Does 83 divide 30707384?
False
Is 69218368 a multiple of 19?
True
Is 4200959420 a multiple of 4278?
False
Is 255509800 a multiple of 8?
True
Is 9 a factor of 117012699?
True
Is 56017125 a multiple of 425?
True
Is 1005 a factor of 675025269?
False
Is 86 a factor of 101128002?
True
Does 118 divide 72287036?
True
Is 94849979 a multiple of 192?
False
Does 8 divide 30053981?
False
Is 26045040 a multiple of 42?
True
Is 774 a factor of 47896128?
False
Is 2 a factor of 6255002?
True
Is 10 a factor of 2189214?
False
Is 91608165 a multiple of 81?
True
Is 203127588 a multiple of 12?
True
Is 337 a factor of 32459118?
False
Does 3 divide 12225431?
False
Does 224 divide 111202802?
False
Does 120 divide 60040800?
True
Does 1688 divide 38329416?
True
Does 35 divide 1206591205?
False
Does 15 divide 247458155?
False
Is 36192303 a multiple of 1071?
True
Is 1916553 a multiple of 249?
True
Is 29 a factor of 277356?
True
Does 106 divide 8613984?
True
Is 364905544 a multiple of 4318?
True
Is 26348840 a multiple of 13?
False
Is 868979536 a multiple of 16?
True
Does 423 divide 49963195?
False
Does 4 divide 22934916?
True
Does 3037 divide 54476656?
False
Is 300 a factor of 1978654800?
True
Is 303433739 a multiple of 23?
False
Is 3736903 a multiple of 116?
False
Is 2218419 a multiple of 1531?
True
Is 91162680 a multiple of 984?
True
Does 12 divide 52651800?
True
Is 60 a factor of 46880400?
True
Is 9 a factor of 72320931?
True
Is 849 a factor of 2648007129?
False
Does 165 divide 16296555?
True
Does 47 divide 207516581?
False
Is 12 a factor of 74027340?
True
Does 41 divide 192988261?
False
Does 44 divide 14077752?
False
Does 33 divide 22438527?
False
Is 40 a factor of 611313040?
True
Is 11 a factor of 552613732?
True
Is 1386075270 a multiple of 15?
True
Is 4 a factor of 73537964?
True
Is 3 a factor of 112125?
True
Is 30778985 a multiple of 215?
False
Is 881116922 a multiple of 24?
False
Is 306827950 a multiple of 13?
True
Does 229 divide 1123173729?
False
Does 279 divide 348760044?
True
Is 365043518 a multiple of 534?
False
Is 340 a factor of 177355943?
False
Is 254 a factor of 134376409?
False
Is 304380180 a multiple of 135?
True
Is 1135113440 a multiple of 40?
True
Does 261 divide 24655600?
False
Is 67 a factor of 25414157?
False
Is 15 a factor of 4192380?
True
Is 189 a factor of 1337961807?
True
Is 8 a factor of 7146040?
True
Is 12392716 a multiple of 48?
False
Does 84 divide 38344376?
False
Is 92952175 a multiple of 25?
True
Is 279875651 a multiple of 987?
False
Is 41185498 a multiple of 156?
False
Is 88638970 a multiple of 255?
False
Does 774 divide 7325136?
True
Does 197 divide 1039743542?
True
Is 15348963 a multiple of 36?
False
Does 18 divide 6350454?
True
Does 3 divide 5632860?
True
Is 689 a factor of 17660448?
True
Is 2355 a factor of 128086095?
True
Is 1429320 a multiple of 8?
True
Does 214 divide 674448392?
True
Is 201120752 a multiple of 16?
True
Is 162 a factor of 47277756?
True
Is 446 a factor of 2853954000?
True
Does 589 divide 6520741?
False
Is 4821 a factor of 920709759?
True
Is 9 a factor of 78287778?
True
Does 201 divide 30270600?
True
Is 326241725 a multiple of 324?
False
Is 121420934 a multiple of 467?
True
Is 72322476 a multiple of 7?
False
Is 75191155 a multiple of 224?
False
Does 3 divide 11825442?
True
Is 1382 a factor of 7833176?
True
Does 16 divide 10437505?
False
Is 33 a factor of 43451163?
False
Does 555 divide 705815700?
True
Does 732 divide 132916560?
True
Is 1200 a factor of 8498400?
True
Is 66869784 a multiple of 36?
True
Does 8 divide 70695552?
True
Does 361 divide 626723075?
True
Is 3 a factor of 13928873?
False
Is 621 a factor of 34061229?
True
Is 976 a factor of 79627069?
False
Is 15 a factor of 401885880?
True
Is 27 a factor of 70314175?
False
Does 4 divide 12345014?
False
Does 42 divide 6213097?
False
Is 912 a factor of 102489943?
False
Is 1269 a factor of 124585344?
True
Is 1190 a factor of 890487557?
False
Does 852 divide 637518123?
False
Does 180 divide 14049720?
True
Is 96857200 a multiple of 44?
True
Is 2 a factor of 385317069?
False
Is 980967738 a multiple of 119?
False
Is 9358729 a multiple of 275?
False
Is 672 a factor of 199524192?
True
Is 59 a factor of 323979210?
False
Does 852 divide 722183910?
False
Does 10 divide 258182910?
True
Does 1553 divide 26275207?
True
Does 137 divide 119759649?
False
Is 5018161 a multiple of 2?
False
Does 2056 divide 34752568?
True
Is 87 a factor of 9092882?
False
Is 7187919070 a multiple of 9884?
False
Is 35 a factor of 424348539?
False
Is 6 a factor of 58550916?
True
Does 15 divide 32792730?
True
Is 2705 a factor of 170298685?
True
Does 4 divide 9584902?
False
Is 756 a factor of 32759748?
True
Does 1807 divide 4038461?
False
Does 8 divide 8532844?
False
Is 39129323 a multiple of 33?
False
Does 599 divide 11901063?
False
Is 125 a factor of 571609125?
True
Does 309 divide 786701308?
False
Does 3 divide 956356881?
True
Does 570 divide 6451830?
True
Is 204 a factor of 32326109?
False
Is 87 a factor of 1215978940?
False
Is 39 a factor of 41423913?
False
Is 202147621 a multiple of 1675?
False
Is 282 a factor of 263429736?
True
Does 187 divide 56399387?
True
Is 20 a factor of 114462240?
True
Does 145 divide 4887035?
False
Is 6083480 a multiple of 260?
True
Is 209734632 a multiple of 24?
True
Is 20 a factor of 11174945?
False
Is 11187900 a multiple of 372?
True
Is 1453987002 a multiple of 12571?
True
Is 101 a factor of 92549431?
True
Does 125 divide 13760125?
True
Does 1189 divide 186143887?
False
Is 304 a factor of 56217200?
True
Does 526 divide 8636271?
False
Is 17 a factor of 36443988?
True
Does 3 divide 14155377?
True
Does 920 divide 81048320?
True
Is 1830354918 a multiple of 12031?
False
Is 133237560 a multiple of 256?
False
Is 152 a factor of 119448439?
False
Is 86 a factor of 2058073780?
False
Is 53125060 a multiple of 862?
True
Does 86 divide 1806860?
True
Is 20 a factor of 110289?
False
Does 525 divide 1366332975?
True
Is 238 a factor of 18955748?
True
Is 88 a factor of 43109978?
False
Is 14337515 a multiple of 344?
False
Is 156085065 a multiple of 9?
True
Is 217 a factor of 818763351?
True
Is 171 a factor of 143065766?
False
Does 95 divide 31573397?
False
Does 188 divide 9578788?
True
Is 29436053 a multiple of 500?
False
Is 11599241 a multiple of 15?
False
Is 26 a factor of 13639990?
True
Is 15 a factor of 62464470?
True
Is 16 a factor of 46123367?
False
Does 1139 divide 107328664?
False
Is 25974300 a multiple of 66?
True
Is 50585174 a multiple of 14?
False
Is 14657919 a multiple of 1379?
False
Is 21 a factor of 7501500811?
False
Is 52751520 a multiple of 432?
True
Is 7143824 a multiple of 4?
True
Is 20 a factor of 116783835?
False
Is 1202995227 a multiple of 63?
False
Does 325 divide 41958891?
False
Does 18 divide 91060808?
False
Does 1432 divide 1424523528?
True
Is 45926832 a multiple of 6?
True
Is 243 a factor of 22665825?
True
Is 473744491 a multiple of 22?
False
Is 243 a factor of 2305098?
True
Is 180400001 a multiple of 268?
False
Is 716511349 a multiple of 21?
False
Does 420 divide 359188200?
True
Is 1634 a factor of 1362768450?
False
Is 2434925796 a multiple of 6427?
False
Is 10564479 a multiple of 1049?
True
Is 49 a factor of 1068494?
True
Does 25 divide 2979907158?
False
Is 223475040 a multiple of 90?
True
Is 19987832 a multiple of 1138?
True
Does 82 divide 216242610?
True
Is 1146923 a multiple of 4?
False
Is 4 a factor of 947975108?
True
Is 10427794 a multiple of 547?
False
Is 88 a factor of 9391375?
False
Is 16 a factor of 2274825738?
False
Is 1810 a factor of 10360878?
False
Is 232 a factor of 225641119?
False
Is 2759 a factor of 1653529772?
False
Is 232 a factor of 10992160?
True
Does 964 divide 624520652?
True
Is 16500016 a multip